q be g(d). What is a(q)?
1
Let r(j) = 5*j - 2. Let b(n) = -n**2 + 8*n + 6. Let x be b(9). Give r(x).
-17
Let z = -3 - -7. Suppose 0 = 3*i + r + 3 - 14, z*r = -3*i - 1. Let p(j) be the third derivative of -j**6/120 + j**5/12 - j**4/24 + j**3 + 3*j**2. Give p(i).
1
Let o(a) = 3*a. Let p(j) = -1. Let s(w) = o(w) - 3*p(w). Suppose -4*g + 13 = -3. Let k = -8 + g. Calculate s(k).
-9
Let o(h) be the third derivative of -h**4/12 - h**2. Suppose d + 3*k - 7 = -1, 3*d = 2*k + 7. Suppose 5*g + 37 = 4*f, 0*f + 4*g = -d*f - 11. Give o(f).
-6
Let t(l) = l**2 - l. Suppose -d + 21 = 3*j - 4*d, 2*j + 5*d + 21 = 0. Suppose -j*n + 17 - 13 = 0. Give t(n).
2
Let v(i) = 8*i**2 - 7*i**2 + i**2 - i**2 + 5. What is v(0)?
5
Let s(c) be the second derivative of 2*c + 0 + 1/3*c**3 + 0*c**2. Determine s(-1).
-2
Let p(c) = -c**3 + 8*c**2 + 10. Let b = 22 + -14. What is p(b)?
10
Let y(t) = t**2 + 3*t + 2. Let c = -11 - -7. Let u be y(c). Let s(r) = -7 - 4*r + 3 + u*r - r. What is s(0)?
-4
Let f(s) = s**3 + 6*s**2 + 4*s - 3. Let h = -55 - -51. Determine f(h).
13
Let z(g) = g**2. Let r = -4 - -6. Suppose -r*f = 3*f. Let u = 2 - f. Calculate z(u).
4
Let u(o) = o**3 - 4*o**2 - 3*o - 12. Let b(m) = -20*m - 35. Let q be b(-2). Calculate u(q).
-2
Let d = 5 + -2. Let w(s) = -3*s**2 + 5*s - 3. Let k(o) = -5*o**2 - o**2 + 7*o**2. Let p(m) = -2*k(m) - w(m). What is p(d)?
-3
Suppose 5*u = 2*x + 25, u - 4*u = 3*x - 15. Let z(j) be the first derivative of -7*j + 3 - 1/2*j**2. Determine z(x).
-7
Let f(d) = 7*d - 3. Let b(m) = -m. Let z(l) = -6*b(l) - f(l). Calculate z(3).
0
Let u(f) be the third derivative of f**6/24 - f**5/30 + f**3/6 + 6*f**2. What is u(1)?
4
Let g(f) = -14*f**3 + 2 + 2*f**3 + 11*f**3 + 6*f**2 - 6*f. Let y(d) = -6*d**3 - 2*d**2 - 2*d - 1. Let s be y(-1). What is g(s)?
-3
Let z(s) = 4*s**2 - 7*s - 5*s**2 - s**3 - 6*s**2. Calculate z(-6).
6
Let x be ((-1)/(-3))/((-4)/(-36)). Let r = 8 + -5. Let v(y) = y**x - r*y + y**2 + y**2 + y**2. Calculate v(-4).
-4
Let w(q) = -5*q - 1. Let c(d) = -2*d - 1. Let v(y) = -3*c(y) + w(y). Let h = 5 + -11. Calculate v(h).
-4
Let f(u) = -6*u - 3*u + 5 - 5*u + 5*u + u**2. Give f(8).
-3
Let i(c) = 13*c + 7 + 16*c - 27*c. What is i(-5)?
-3
Suppose 2*f = u, -27 = -2*u + 7*u - f. Let d(o) = o**2 + 4*o - 5. Give d(u).
7
Let z(w) = -w. Let a(k) be the third derivative of -k**4/6 - 5*k**3/6 - 3*k**2. Let c(y) = a(y) - 3*z(y). What is c(4)?
-9
Let v(p) be the third derivative of -p**6/60 + p**5/30 - p**4/8 - 10*p**2. What is v(2)?
-14
Let y(q) = q - 1. Let u(g) = 3*g - 4. Let t(i) = -u(i) + 4*y(i). Suppose 7*m - 2*m = -2*j + 17, j - 1 = 0. Suppose z + m = -1. Give t(z).
-4
Let x = 12 - 8. Let w(m) = 2*m**2 - 2*m + 3. Let k(f) = f. Let h(t) = x*k(t) - w(t). What is h(4)?
-11
Let q(n) = 0*n**2 - 2*n**2 + 8*n**3 - 5*n - 7*n**3 - 3*n**2 - 1. What is q(6)?
5
Let u(q) = -q**2 - 5. Suppose 2*o + 4 = -6. Let b be (-1)/3*(2 + o). Let w be (-2 + b + 1)/(-2). Give u(w).
-5
Let m(r) = -r + 4. Let i be m(4). Suppose u + 2*z + 15 = 0, -5*u - 5 = -i*z - 4*z. Let y(c) = c**2 + 4*c - 5. Determine y(u).
0
Let n(j) be the third derivative of 1/8*j**4 - 1/6*j**3 + 0 - 1/360*j**6 + 1/24*j**5 + 2*j**2 + 0*j. Let m(c) be the first derivative of n(c). Determine m(5).
3
Let x(u) = u**2 + 1. Let f = -2 + 2. Let y = 2 - 5. Let c = f - y. Give x(c).
10
Let o(t) = -t**3 - 6*t**2 - 11*t - 7. Let x be o(-4). Let h(s) = -s**3 + 3*s**2 + 5*s + 6. Calculate h(x).
-19
Let y be ((-2)/4)/(2/(-12)). Let f = -3 + y. Let a(w) = 3*w - 6. Let p(h) = -7*h + 13. Let d(m) = -5*a(m) - 2*p(m). Calculate d(f).
4
Let o(p) = p**2 - 3*p - 4. Let a be -3 - -1 - 3 - 3. Let u = a + 13. Calculate o(u).
6
Let c(a) be the first derivative of a**3/3 + 3*a**2 - 4*a + 118. Let z(k) = -k**3 - 5*k**2 - 3*k. Let l be z(-5). Let j = l - 21. Determine c(j).
-4
Let c(m) = -m**2 + 18*m - 21. Let s(u) = -2*u**2 + 36*u - 43. Let q(v) = 13*c(v) - 6*s(v). Let j be q(17). Let b(w) = 3*w**2 - 1. Calculate b(j).
11
Let t(s) = -s**2 + 21*s - 16. Let f be t(20). Let d(r) be the third derivative of 2/3*r**3 + 0 + 0*r - 3*r**2 + 1/12*r**f. Determine d(-3).
-2
Suppose x + 1 = 7. Let o(r) = -3*r - 8. Let s(h) = 1. Let k(b) = x*s(b) + o(b). Suppose -2*t = 4*z - 6*t + 8, -2*z = t + 4. What is k(z)?
4
Let q(c) = c**2 + 5*c + 3. Let i = -10 + 6. Let k be q(i). Let s(r) = 2*r**2 + 1. Determine s(k).
3
Let v(i) = 2*i**2 - i + 17. Let c(h) = -h**2 - 8. Let l be 14/(-49) - 89/7. Let m(o) = l*c(o) - 6*v(o). Determine m(-7).
9
Let u(a) = -a**3 - 7*a**2 + 8*a - 3. Let l be u(-8). Let m(h) be the first derivative of -h**4/4 - h**3 - h**2/2 - 2*h + 2. Determine m(l).
1
Let y(c) be the third derivative of c**4/24 + 11*c**3/6 + c**2. Let i be y(-5). Let u(g) = -g**3 + 6*g**2 - 5. Determine u(i).
-5
Suppose -34 = 3*m - 13. Let b(q) = q**2 + 6*q - 10. Calculate b(m).
-3
Suppose 3*k + 15 = -0*k. Let b(v) = -v + 115 - 115. Give b(k).
5
Suppose -4*n = -13 - 15. Let y(t) = t + 3. Give y(n).
10
Let b(v) = v - 2 + v - 3*v + v**2 + v**3. Let w = -9 - -21. Let h = w - 14. Give b(h).
-4
Let v(o) = o**2 - 4*o - 1. Suppose 0 = 4*c + 5*p - 4, -2*c + p = -4*p - 32. Let d = -8 + c. Let u be (d + 0 - -3) + 4. Calculate v(u).
4
Suppose 2*t + 5*r = -3*t + 35, -t + 7 = 5*r. Let g(k) = k**3 - 8*k**2 + 5*k + 9. Give g(t).
-5
Let y(r) be the first derivative of r**7/840 + r**6/180 - r**5/60 - r**4/12 - r**3/3 + 6. Let d(f) be the third derivative of y(f). What is d(-2)?
2
Let b(g) be the third derivative of g**6/20 + g**5/60 - g**4/24 - g**3/6 - 17*g**2. Calculate b(-1).
-5
Suppose -4*z - 8 = -6*z. Suppose 4*d = 8*d + z. Let s(p) = -6*p**3 - p - 1. Calculate s(d).
6
Suppose -15*a = -11*a - 80. Let z = a + -14. Let w(u) = u**3 - 6*u**2 - 4. Determine w(z).
-4
Let c(n) = 3*n**3 - n**2 - n + 1. Suppose -3*t + 0 + 9 = 0. Suppose 3*w = -t*s + 6, -2*s - 2*s - 3*w = -7. Determine c(s).
2
Let s(v) = -v - 9. Suppose 4*c - 7*c - 27 = 0. Give s(c).
0
Let m(w) be the second derivative of -w**5/20 - 5*w**4/12 + w**3/2 + 5*w**2/2 + 30*w. Calculate m(-5).
-10
Let c = -20 + 20. Let j(p) be the second derivative of -2/3*p**3 + 0 - 3*p + 1/12*p**4 + c*p**2. Determine j(4).
0
Let i(o) = -o**2 + o - 1. Let z(g) = 0 + 2*g + 0 - 3. Let l(f) = 4*i(f) - z(f). Determine l(1).
-3
Let f(r) = -r**2 - 6*r - 8. Let m(a) = -a**2 - 7*a - 8. Let l(u) = -7*f(u) + 6*m(u). Determine l(0).
8
Let j(h) be the third derivative of -h**4/8 - h**3/6 + h**2. Let k = -11 + -11. Let s = -21 - k. What is j(s)?
-4
Let k(g) = g**2 - 13*g + 6. Let s be k(12). Let j be 44/(-33) + 4/s. Let u(a) = -a**3 + a**2 + a - 2. Calculate u(j).
8
Let i(f) be the first derivative of f**4/4 + f**2/2 + 2*f + 3. Let m(d) be the first derivative of i(d). What is m(1)?
4
Let k(i) = -10 - i**2 - 17 + 29. Let c = -2 - -4. Calculate k(c).
-2
Let b(a) be the second derivative of -a**3/3 + 5*a**2/2 + 3*a. Let k = 3 + 3. Calculate b(k).
-7
Let w be 2/3*(-9)/(-3). Let x(m) = m + 3 + 5 - w*m - 2. What is x(3)?
3
Let b(i) = 7*i - 1 + 4 - 4. Determine b(1).
6
Let m be 2/8*0 + -4. Let z(b) = b**2 + 5*b + 2. Calculate z(m).
-2
Let s be (-2 + 1)/((-1)/(-3)). Let w(o) = o**3 + 2*o**2 - 3*o. Determine w(s).
0
Let h(o) = o**2 + 4*o. Let l = 8 + -5. Suppose l*j = -6 - 3. Calculate h(j).
-3
Let d(f) be the second derivative of -f**5/20 - f**4/4 - f**3/6 + 13*f. Calculate d(-3).
3
Let o(k) = -2*k + 4*k - 5 + 3*k - 4*k. Let m be -1 - 4/(-2)*3. Give o(m).
0
Let n(d) be the third derivative of d**5/60 + 5*d**4/24 - d**3 - 4*d**2. Let h be (-1 - -5)*15/(-12). Give n(h).
-6
Let w(u) = -u**2 + 9*u - 8. Let p = 8 - 1. Give w(p).
6
Let w(b) be the second derivative of -b**3/2 + 5*b**2/2 - b. Calculate w(-4).
17
Let v = -11 - -15. Suppose 2*s = m - 0 - 3, -s = 2*m + v. Let x(i) = i. Let b(a) = 5*a - 1. Let j(r) = -b(r) + 3*x(r). Calculate j(s).
5
Let p(v) = -v + 8. Suppose 2*u - 9 = 5*j + 10, j - 13 = -2*u. Suppose -u = k - 5*g - 22, -3*k = -5*g - 15. Give p(k).
8
Let j(k) = k**2 - k + 1. Suppose 3*r - 2 = 4*r. Determine j(r).
7
Let q(p) = p**2 + 3*p - 1. Let b(g) be the second derivative of g**3/6 - g**2/2 + 2*g. Let v be b(-3). Calculate q(v).
3
Let l(z) = z + 13. Let h be l(-9). Let p be h/(-6) - 8/(-3). Suppose -5*y = p + 13. Let u(m) = m**2 + 3*m. What is u(y)?
0
Let n(o) = 2*o**2 - 4*o + 3. Let l be n(-3). Let y be (-6)/l + 138/33. Let x(m) = -3*m + 